{"id":24,"date":"2018-12-28T22:06:26","date_gmt":"2018-12-28T21:06:26","guid":{"rendered":"http:\/\/kindergarten-sonnenwiese.net\/?page_id=24"},"modified":"2022-06-22T19:48:16","modified_gmt":"2022-06-22T18:48:16","slug":"datenschutz","status":"publish","type":"page","link":"https:\/\/kindergartenverein-neubiberg.de\/?page_id=24","title":{"rendered":"Datenschutzerkl\u00e4rung"},"content":{"rendered":"\n<div style=\"height:43px\" aria-hidden=\"true\" class=\"wp-block-spacer\"><\/div>\n\n\n\n<p>Der Kindergartenverein Neubiberg e.V. nimmt den Schutz Ihrer personenbezogenen Daten  sehr ernst. Wir verarbeiten personenbezogene Daten, die beim Besuch  unserer Website erhoben werden, unter Beachtung der geltenden  datenschutzrechtlichen Bestimmungen. Ihre Daten werden von uns weder  ver\u00f6ffentlicht, noch unberechtigt an Dritte weitergegeben.<\/p>\n\n\n\n<div style=\"height:20px\" aria-hidden=\"true\" class=\"wp-block-spacer\"><\/div>\n\n\n\n<p>Verantwortliche Stelle im Sinne der Datenschutzgesetze, insbesondere der EU-Datenschutzgrundverordnung (DSGVO), ist:<\/p>\n\n\n\n<p>Kindergartenverein Neubiberg e.V.&nbsp;<br>Vorstand<br>Werner-Heisenberg-Weg 39&nbsp;<br>85579 Neubiberg<\/p>\n\n\n\n<p> <\/p>\n\n\n\n<p><\/p>\n\n\n\n<p><\/p>\n\n\n\n<p><\/p>\n\n\n\n<h2 class=\"wp-block-heading\">Ihre Betroffenenrechte<\/h2>\n\n\n\n<p>Unter den angegebenen Kontaktdaten k\u00f6nnen Sie jederzeit folgende Rechte aus\u00fcben:<\/p>\n\n\n\n<ul class=\"wp-block-list\"><li>Auskunft \u00fcber Ihre bei uns gespeicherten Daten und deren Verarbeitung (Art. 15 DSGVO),<\/li><li>Berichtigung unrichtiger personenbezogener Daten (Art. 16 DSGVO),<\/li><li>L\u00f6schung Ihrer bei uns gespeicherten Daten (Art. 17 DSGVO),<\/li><li>Einschr\u00e4nkung der Datenverarbeitung, sofern wir Ihre Daten aufgrund gesetzlicher Pflichten noch nicht l\u00f6schen d\u00fcrfen (Art. 18 DSGVO),<\/li><li>Widerspruch gegen die Verarbeitung Ihrer Daten bei uns (Art. 21 DSGVO) und<\/li><li>Daten\u00fcbertragbarkeit, sofern Sie in die Datenverarbeitung eingewilligt haben oder einen Vertrag mit uns abgeschlossen haben (Art. 20 DSGVO).<\/li><\/ul>\n\n\n\n<p>Sofern Sie uns eine Einwilligung erteilt haben, k\u00f6nnen Sie diese jederzeit mit Wirkung f\u00fcr die Zukunft widerrufen.<\/p>\n\n\n\n<p>Sie k\u00f6nnen sich jederzeit mit einer Beschwerde an eine Aufsichtsbeh\u00f6rde wenden, z. B. an die zust\u00e4ndige Aufsichtsbeh\u00f6rde des Bundeslands Ihres Wohnsitzes oder an die f\u00fcr uns als verantwortliche Stelle zust\u00e4ndige Beh\u00f6rde.<\/p>\n\n\n\n<p>Eine Liste der Aufsichtsbeh\u00f6rden f\u00fcr den nicht\u00f6ffentlichen Bereich mit Anschrift finden Sie unter:\u00a0<a rel=\"noreferrer noopener\" href=\"https:\/\/www.bfdi.bund.de\/DE\/Infothek\/Anschriften_Links\/anschriften_links-node.html\" target=\"_blank\">https:\/\/www.bfdi.bund.de\/DE\/Infothek\/Anschriften_Links\/anschriften_links-node.html<\/a>.<\/p>\n\n\n\n<p><\/p>\n\n\n\n<p><\/p>\n\n\n\n<h2 class=\"wp-block-heading\">Erfassung allgemeiner Informationen beim Besuch unserer Website<\/h2>\n\n\n\n<h3 class=\"wp-block-heading\">Art und Zweck der Verarbeitung<\/h3>\n\n\n\n<p>Wenn Sie auf unsere Website zugreifen, werden automatisch Informationen allgemeiner Natur erfasst. Diese Informationen (Server-Logfiles) beinhalten etwa die Art des Webbrowsers, das verwendete Betriebssystem, den Domainnamen Ihres Internet-Service-Providers, Ihre IP-Adresse und \u00e4hnliches. Hierbei handelt es sich ausschlie\u00dflich um Informationen, welche keine R\u00fcckschl\u00fcsse auf Ihre Person zulassen.<\/p>\n\n\n\n<p>Sie werden insbesondere zu folgenden Zwecken verarbeitet:<\/p>\n\n\n\n<ul class=\"wp-block-list\"><li>Sicherstellung eines problemlosen Verbindungsaufbaus der Website,<\/li><li>Sicherstellung einer reibungslosen Nutzung unserer Website,<\/li><li>Auswertung der Systemsicherheit und -stabilit\u00e4t sowie<\/li><li>zu weiteren administrativen Zwecken.<\/li><\/ul>\n\n\n\n<p>Wir verwenden Ihre Daten nicht, um R\u00fcckschl\u00fcsse auf Ihre Person zu ziehen. Informationen dieser Art werden von uns ggfs. statistisch ausgewertet, um unseren Internetauftritt und die dahinterstehende Technik zu optimieren.<\/p>\n\n\n\n<h3 class=\"wp-block-heading\">Rechtsgrundlage<\/h3>\n\n\n\n<p>Die Verarbeitung erfolgt gem\u00e4\u00df Art. 6 Abs. 1 lit. f DSGVO auf Basis unseres berechtigten Interesses an der Verbesserung der Stabilit\u00e4t und Funktionalit\u00e4t unserer Website.<\/p>\n\n\n\n<h3 class=\"wp-block-heading\">Empf\u00e4nger<\/h3>\n\n\n\n<p>Empf\u00e4nger der Daten sind ggf. technische Dienstleister, die f\u00fcr den Betrieb und die Wartung unserer Webseite als Auftragsverarbeiter t\u00e4tig werden.<\/p>\n\n\n\n<h3 class=\"wp-block-heading\">Speicherdauer<\/h3>\n\n\n\n<p>Die Daten werden gel\u00f6scht, sobald diese f\u00fcr den Zweck der Erhebung nicht mehr erforderlich sind. Dies ist f\u00fcr die Daten, die der Bereitstellung der Webseite dienen, grunds\u00e4tzlich der Fall, wenn die jeweilige Sitzung beendet ist.<\/p>\n\n\n\n<p>Unser Provider STRATO AG (siehe eingesetzte Auftragsverarbeiter) speichert beispielsweise Ihre IP-Adresse zur Erkennung und Abwehr von Angriffen nach unserer Kenntnis&nbsp;maximal 7 Tage. Details zur Datenspeicherung entnehmen Sie bitte stets aktuell dessen Datenschutzerkl\u00e4rung unter <a aria-label=\" (\u00f6ffnet in neuem Tab)\" rel=\"noreferrer noopener\" href=\"https:\/\/www.strato.de\/datenschutz\/\" target=\"_blank\">https:\/\/www.strato.de\/datenschutz\/<\/a>.<\/p>\n\n\n\n<h3 class=\"wp-block-heading\">Bereitstellung erforderlich<\/h3>\n\n\n\n<p>Die Bereitstellung der vorgenannten personenbezogenen Daten ist weder gesetzlich noch vertraglich vorgeschrieben. Ohne die IP-Adresse ist jedoch der Dienst und die Funktionsf\u00e4higkeit unserer Website nicht gew\u00e4hrleistet. Zudem k\u00f6nnen einzelne Dienste und Services nicht verf\u00fcgbar oder eingeschr\u00e4nkt sein. Aus diesem Grund ist ein Widerspruch ausgeschlossen.<\/p>\n\n\n\n<h2 class=\"wp-block-heading\">SSL-Verschl\u00fcsselung<\/h2>\n\n\n\n<p>Um die Sicherheit Ihrer Daten bei der \u00dcbertragung zu sch\u00fctzen, verwenden wir dem aktuellen Stand der Technik entsprechende Verschl\u00fcsselungsverfahren (z. B. SSL) \u00fcber HTTPS.<\/p>\n\n\n\n<h2 class=\"wp-block-heading\">E-Mail<\/h2>\n\n\n\n<p>Wenn Sie uns per E-Mail kontaktieren, verarbeiten wir Ihre personenbezogenen Daten nur, soweit an der Verarbeitung ein berechtigtes Interesse besteht, Sie in die Datenverarbeitung eingewilligt haben, die Verarbeitung f\u00fcr die Anbahnung, Begr\u00fcndung, inhaltliche Ausgestaltung oder \u00c4nderung eines Rechtsverh\u00e4ltnisses zwischen Ihnen und uns erforderlich sind oder eine sonstige Rechtsnorm die Verarbeitung gestattet. Ihre personenbezogenen Daten verbleiben bei uns, bis Sie uns zur L\u00f6schung auffordern, Ihre Einwilligung zur Speicherung widerrufen oder der Zweck f\u00fcr die Datenspeicherung entf\u00e4llt, wie z. B. nach abgeschlossener Bearbeitung Ihres Anliegens. Zwingende gesetzliche Bestimmungen \u2013 insbesondere steuer- und handelsrechtliche Aufbewahrungsfristen \u2013 bleiben unber\u00fchrt.<\/p>\n\n\n\n<h2 class=\"wp-block-heading\">Eingesetzte Auftragsverarbeiter<\/h2>\n\n\n\n<p>Folgende Organisationen, Unternehmen bzw. Personen wurden vom Betreiber dieser Website mit der Verarbeitung von Daten beauftragt:<\/p>\n\n\n\n<p>STRATO AG&nbsp;<br>Pascalstra\u00dfe 10&nbsp;<br>10587 Berlin<\/p>\n\n\n\n<h2 class=\"wp-block-heading\">\u00c4nderung unserer Datenschutzbestimmungen<\/h2>\n\n\n\n<p>Wir behalten uns vor, diese Datenschutzerkl\u00e4rung anzupassen, damit sie stets den aktuellen rechtlichen Anforderungen entspricht oder um \u00c4nderungen unserer Leistungen in der Datenschutzerkl\u00e4rung umzusetzen, z.B. bei der Einf\u00fchrung neuer Services. F\u00fcr Ihren erneuten Besuch gilt dann die neue Datenschutzerkl\u00e4rung.<\/p>\n\n\n\n<h2 class=\"wp-block-heading\">Fragen?<\/h2>\n\n\n\n<p>Wenn Sie Fragen zum Datenschutz haben, schreiben Sie uns bitte eine E-Mail an <a href=\"info@kindergartenverein-neubiberg.de\">info@kindergartenverein-neubiberg.de<\/a> oder kontaktieren uns telefonisch.<\/p>\n","protected":false},"excerpt":{"rendered":"<p>Der Kindergartenverein Neubiberg e.V. nimmt den Schutz Ihrer personenbezogenen Daten sehr ernst. Wir verarbeiten personenbezogene Daten, die beim Besuch unserer Website erhoben werden, unter Beachtung der geltenden datenschutzrechtlichen Bestimmungen. Ihre Daten werden von uns weder ver\u00f6ffentlicht, noch unberechtigt an Dritte weitergegeben. Verantwortliche Stelle im Sinne der Datenschutzgesetze, insbesondere der EU-Datenschutzgrundverordnung (DSGVO), ist: Kindergartenverein Neubiberg e.V.&nbsp;VorstandWerner-Heisenberg-Weg [&hellip;]<\/p>\n","protected":false},"author":1,"featured_media":0,"parent":0,"menu_order":0,"comment_status":"closed","ping_status":"closed","template":"","meta":{"footnotes":""},"class_list":["post-24","page","type-page","status-publish","hentry"],"_links":{"self":[{"href":"https:\/\/kindergartenverein-neubiberg.de\/index.php?rest_route=\/wp\/v2\/pages\/24","targetHints":{"allow":["GET"]}}],"collection":[{"href":"https:\/\/kindergartenverein-neubiberg.de\/index.php?rest_route=\/wp\/v2\/pages"}],"about":[{"href":"https:\/\/kindergartenverein-neubiberg.de\/index.php?rest_route=\/wp\/v2\/types\/page"}],"author":[{"embeddable":true,"href":"https:\/\/kindergartenverein-neubiberg.de\/index.php?rest_route=\/wp\/v2\/users\/1"}],"replies":[{"embeddable":true,"href":"https:\/\/kindergartenverein-neubiberg.de\/index.php?rest_route=%2Fwp%2Fv2%2Fcomments&post=24"}],"version-history":[{"count":27,"href":"https:\/\/kindergartenverein-neubiberg.de\/index.php?rest_route=\/wp\/v2\/pages\/24\/revisions"}],"predecessor-version":[{"id":1696,"href":"https:\/\/kindergartenverein-neubiberg.de\/index.php?rest_route=\/wp\/v2\/pages\/24\/revisions\/1696"}],"wp:attachment":[{"href":"https:\/\/kindergartenverein-neubiberg.de\/index.php?rest_route=%2Fwp%2Fv2%2Fmedia&parent=24"}],"curies":[{"name":"wp","href":"https:\/\/api.w.org\/{rel}","templated":true}]}}

Datenschutzerklärung

<div style="height:43px" aria-hidden="true" class="wp-block-spacer"></div>



<p>Der Kindergartenverein Neubiberg e.V. nimmt den Schutz Ihrer personenbezogenen Daten  sehr ernst. Wir verarbeiten personenbezogene Daten, die beim Besuch  unserer Website erhoben werden, unter Beachtung der geltenden  datenschutzrechtlichen Bestimmungen. Ihre Daten werden von uns weder  veröffentlicht, noch unberechtigt an Dritte weitergegeben.</p>



<div style="height:20px" aria-hidden="true" class="wp-block-spacer"></div>



<p>Verantwortliche Stelle im Sinne der Datenschutzgesetze, insbesondere der EU-Datenschutzgrundverordnung (DSGVO), ist:</p>



<p>Kindergartenverein Neubiberg e.V.&nbsp;<br>Vorstand<br>Werner-Heisenberg-Weg 39&nbsp;<br>85579 Neubiberg</p>



<p> </p>



<p></p>



<p></p>



<p></p>



<h2 class="wp-block-heading">Ihre Betroffenenrechte</h2>



<p>Unter den angegebenen Kontaktdaten können Sie jederzeit folgende Rechte ausüben:</p>



<ul class="wp-block-list"><li>Auskunft über Ihre bei uns gespeicherten Daten und deren Verarbeitung (Art. 15 DSGVO),</li><li>Berichtigung unrichtiger personenbezogener Daten (Art. 16 DSGVO),</li><li>Löschung Ihrer bei uns gespeicherten Daten (Art. 17 DSGVO),</li><li>Einschränkung der Datenverarbeitung, sofern wir Ihre Daten aufgrund gesetzlicher Pflichten noch nicht löschen dürfen (Art. 18 DSGVO),</li><li>Widerspruch gegen die Verarbeitung Ihrer Daten bei uns (Art. 21 DSGVO) und</li><li>Datenübertragbarkeit, sofern Sie in die Datenverarbeitung eingewilligt haben oder einen Vertrag mit uns abgeschlossen haben (Art. 20 DSGVO).</li></ul>



<p>Sofern Sie uns eine Einwilligung erteilt haben, können Sie diese jederzeit mit Wirkung für die Zukunft widerrufen.</p>



<p>Sie können sich jederzeit mit einer Beschwerde an eine Aufsichtsbehörde wenden, z. B. an die zuständige Aufsichtsbehörde des Bundeslands Ihres Wohnsitzes oder an die für uns als verantwortliche Stelle zuständige Behörde.</p>



<p>Eine Liste der Aufsichtsbehörden für den nichtöffentlichen Bereich mit Anschrift finden Sie unter: <a rel="noreferrer noopener" href="https://www.bfdi.bund.de/DE/Infothek/Anschriften_Links/anschriften_links-node.html" target="_blank">https://www.bfdi.bund.de/DE/Infothek/Anschriften_Links/anschriften_links-node.html</a>.</p>



<p></p>



<p></p>



<h2 class="wp-block-heading">Erfassung allgemeiner Informationen beim Besuch unserer Website</h2>



<h3 class="wp-block-heading">Art und Zweck der Verarbeitung</h3>



<p>Wenn Sie auf unsere Website zugreifen, werden automatisch Informationen allgemeiner Natur erfasst. Diese Informationen (Server-Logfiles) beinhalten etwa die Art des Webbrowsers, das verwendete Betriebssystem, den Domainnamen Ihres Internet-Service-Providers, Ihre IP-Adresse und ähnliches. Hierbei handelt es sich ausschließlich um Informationen, welche keine Rückschlüsse auf Ihre Person zulassen.</p>



<p>Sie werden insbesondere zu folgenden Zwecken verarbeitet:</p>



<ul class="wp-block-list"><li>Sicherstellung eines problemlosen Verbindungsaufbaus der Website,</li><li>Sicherstellung einer reibungslosen Nutzung unserer Website,</li><li>Auswertung der Systemsicherheit und -stabilität sowie</li><li>zu weiteren administrativen Zwecken.</li></ul>



<p>Wir verwenden Ihre Daten nicht, um Rückschlüsse auf Ihre Person zu ziehen. Informationen dieser Art werden von uns ggfs. statistisch ausgewertet, um unseren Internetauftritt und die dahinterstehende Technik zu optimieren.</p>



<h3 class="wp-block-heading">Rechtsgrundlage</h3>



<p>Die Verarbeitung erfolgt gemäß Art. 6 Abs. 1 lit. f DSGVO auf Basis unseres berechtigten Interesses an der Verbesserung der Stabilität und Funktionalität unserer Website.</p>



<h3 class="wp-block-heading">Empfänger</h3>



<p>Empfänger der Daten sind ggf. technische Dienstleister, die für den Betrieb und die Wartung unserer Webseite als Auftragsverarbeiter tätig werden.</p>



<h3 class="wp-block-heading">Speicherdauer</h3>



<p>Die Daten werden gelöscht, sobald diese für den Zweck der Erhebung nicht mehr erforderlich sind. Dies ist für die Daten, die der Bereitstellung der Webseite dienen, grundsätzlich der Fall, wenn die jeweilige Sitzung beendet ist.</p>



<p>Unser Provider STRATO AG (siehe eingesetzte Auftragsverarbeiter) speichert beispielsweise Ihre IP-Adresse zur Erkennung und Abwehr von Angriffen nach unserer Kenntnis&nbsp;maximal 7 Tage. Details zur Datenspeicherung entnehmen Sie bitte stets aktuell dessen Datenschutzerklärung unter <a aria-label=" (öffnet in neuem Tab)" rel="noreferrer noopener" href="https://www.strato.de/datenschutz/" target="_blank">https://www.strato.de/datenschutz/</a>.</p>



<h3 class="wp-block-heading">Bereitstellung erforderlich</h3>



<p>Die Bereitstellung der vorgenannten personenbezogenen Daten ist weder gesetzlich noch vertraglich vorgeschrieben. Ohne die IP-Adresse ist jedoch der Dienst und die Funktionsfähigkeit unserer Website nicht gewährleistet. Zudem können einzelne Dienste und Services nicht verfügbar oder eingeschränkt sein. Aus diesem Grund ist ein Widerspruch ausgeschlossen.</p>



<h2 class="wp-block-heading">SSL-Verschlüsselung</h2>



<p>Um die Sicherheit Ihrer Daten bei der Übertragung zu schützen, verwenden wir dem aktuellen Stand der Technik entsprechende Verschlüsselungsverfahren (z. B. SSL) über HTTPS.</p>



<h2 class="wp-block-heading">E-Mail</h2>



<p>Wenn Sie uns per E-Mail kontaktieren, verarbeiten wir Ihre personenbezogenen Daten nur, soweit an der Verarbeitung ein berechtigtes Interesse besteht, Sie in die Datenverarbeitung eingewilligt haben, die Verarbeitung für die Anbahnung, Begründung, inhaltliche Ausgestaltung oder Änderung eines Rechtsverhältnisses zwischen Ihnen und uns erforderlich sind oder eine sonstige Rechtsnorm die Verarbeitung gestattet. Ihre personenbezogenen Daten verbleiben bei uns, bis Sie uns zur Löschung auffordern, Ihre Einwilligung zur Speicherung widerrufen oder der Zweck für die Datenspeicherung entfällt, wie z. B. nach abgeschlossener Bearbeitung Ihres Anliegens. Zwingende gesetzliche Bestimmungen – insbesondere steuer- und handelsrechtliche Aufbewahrungsfristen – bleiben unberührt.</p>



<h2 class="wp-block-heading">Eingesetzte Auftragsverarbeiter</h2>



<p>Folgende Organisationen, Unternehmen bzw. Personen wurden vom Betreiber dieser Website mit der Verarbeitung von Daten beauftragt:</p>



<p>STRATO AG&nbsp;<br>Pascalstraße 10&nbsp;<br>10587 Berlin</p>



<h2 class="wp-block-heading">Änderung unserer Datenschutzbestimmungen</h2>



<p>Wir behalten uns vor, diese Datenschutzerklärung anzupassen, damit sie stets den aktuellen rechtlichen Anforderungen entspricht oder um Änderungen unserer Leistungen in der Datenschutzerklärung umzusetzen, z.B. bei der Einführung neuer Services. Für Ihren erneuten Besuch gilt dann die neue Datenschutzerklärung.</p>



<h2 class="wp-block-heading">Fragen?</h2>



<p>Wenn Sie Fragen zum Datenschutz haben, schreiben Sie uns bitte eine E-Mail an <a href="info@kindergartenverein-neubiberg.de">info@kindergartenverein-neubiberg.de</a> oder kontaktieren uns telefonisch.</p>

<p>Der Kindergartenverein Neubiberg e.V. nimmt den Schutz Ihrer personenbezogenen Daten sehr ernst. Wir verarbeiten personenbezogene Daten, die beim Besuch unserer Website erhoben werden, unter Beachtung der geltenden datenschutzrechtlichen Bestimmungen. Ihre Daten werden von uns weder veröffentlicht, noch unberechtigt an Dritte weitergegeben. Verantwortliche Stelle im Sinne der Datenschutzgesetze, insbesondere der EU-Datenschutzgrundverordnung (DSGVO), ist: Kindergartenverein Neubiberg e.V.&nbsp;VorstandWerner-Heisenberg-Weg [&hellip;]</p>
